{"id":112,"date":"2017-06-27T11:22:54","date_gmt":"2017-06-27T11:22:54","guid":{"rendered":"https:\/\/primaria-vaideeni.ro\/VAIDEENI\/?page_id=112"},"modified":"2018-10-31T09:32:46","modified_gmt":"2018-10-31T09:32:46","slug":"declaratii-de-avere","status":"publish","type":"page","link":"https:\/\/primaria-vaideeni.ro\/VAIDEENI\/consiliu-local\/declaratii-de-avere\/","title":{"rendered":"DECLARATII DE AVERE"},"content":{"rendered":"<table style=\"height: 895px;\" border=\"1\">\n<thead>\n<tr style=\"height: 50px;\">\n<th style=\"height: 50px;\" scope=\"col\"><strong>Nr. Crt.<\/strong><\/th>\n<th style=\"height: 50px;\" scope=\"col\"><strong>Nume si prenume<\/strong><\/th>\n<th style=\"height: 50px;\" scope=\"col\">DECLARATIE DE AVERE<\/th>\n<th style=\"height: 50px;\" scope=\"col\">DECLARATIE DE INTERESE<\/th>\n<\/tr>\n<\/thead>\n<tbody>\n<tr style=\"height: 49px;\">\n<td style=\"height: 49px;\">1<\/td>\n<td style=\"height: 49px;\">B\u0103lu\u0163\u0103 Achim<\/td>\n<td style=\"height: 49px;\"><img decoding=\"async\" src=\"http:\/\/www.primaria-vaideeni.ro\/vaideeni\/sites\/default\/files\/PSD.jpg\" alt=\"\" \/><a href=\"https:\/\/primaria-vaideeni.ro\/VAIDEENI\/wp-content\/uploads\/2018\/10\/Baluta-Achim-avere-2018.pdf\">2018<\/a><\/td>\n<td style=\"height: 49px;\"><a href=\"https:\/\/primaria-vaideeni.ro\/VAIDEENI\/wp-content\/uploads\/2018\/10\/Baluta-Achim-interese-2018.pdf\">2018<\/a><\/td>\n<\/tr>\n<tr style=\"height: 49px;\">\n<td style=\"height: 49px;\">2<\/td>\n<td style=\"height: 49px;\">Jianu Dumitru<\/td>\n<td style=\"height: 49px;\"><img decoding=\"async\" src=\"http:\/\/www.primaria-vaideeni.ro\/vaideeni\/sites\/default\/files\/PSD.jpg\" alt=\"\" \/><a href=\"https:\/\/primaria-vaideeni.ro\/VAIDEENI\/wp-content\/uploads\/2018\/10\/Jianu-I-Dumitru-avere-2018.pdf\">2018<\/a><\/td>\n<td style=\"height: 49px;\"><a href=\"https:\/\/primaria-vaideeni.ro\/VAIDEENI\/wp-content\/uploads\/2018\/10\/Jianu-I-Dumitru-interese-2018.pdf\">2018<\/a><\/td>\n<\/tr>\n<tr style=\"height: 75px;\">\n<td style=\"height: 75px;\">3<\/td>\n<td style=\"height: 75px;\">Andreescu Maria Magdalena<\/td>\n<td style=\"height: 75px;\"><a href=\"https:\/\/primaria-vaideeni.ro\/VAIDEENI\/wp-content\/uploads\/2018\/10\/Andreescu-Maria-Magdalena-avere-2018.pdf\">2018<\/a><\/td>\n<td style=\"height: 75px;\"><a href=\"https:\/\/primaria-vaideeni.ro\/VAIDEENI\/wp-content\/uploads\/2018\/10\/Andreescu-Maria-Magdalena-interese-2018.pdf\">2018<\/a><\/td>\n<\/tr>\n<tr style=\"height: 49px;\">\n<td style=\"height: 49px;\">4<\/td>\n<td style=\"height: 49px;\">Apostoloiu Radu Florin<\/td>\n<td style=\"height: 49px;\"><a href=\"https:\/\/primaria-vaideeni.ro\/VAIDEENI\/wp-content\/uploads\/2018\/10\/Apostoloiu-Radu-Florin-avere-2018.pdf\">2018<\/a><img decoding=\"async\" src=\"http:\/\/www.primaria-vaideeni.ro\/vaideeni\/sites\/default\/files\/PSD.jpg\" alt=\"\" \/><\/td>\n<td style=\"height: 49px;\"><a href=\"https:\/\/primaria-vaideeni.ro\/VAIDEENI\/wp-content\/uploads\/2018\/10\/Apostoloiu-Radu-Florin-interese-2018.pdf\">2018<\/a><\/td>\n<\/tr>\n<tr style=\"height: 75px;\">\n<td style=\"height: 75px;\">5<\/td>\n<td style=\"height: 75px;\">Vinereanu Adrian<\/td>\n<td style=\"height: 75px; text-align: left;\">\u00a0<a href=\"http:\/\/www.primaria-vaideeni.ro\/VAIDEENI\/wp-content\/uploads\/2017\/07\/DECLARATII\/avere vinereanu adrian.pdf\">2017<\/a>\u00a0 \u00a0 <a href=\"https:\/\/primaria-vaideeni.ro\/VAIDEENI\/wp-content\/uploads\/2018\/10\/Vinereanu-Adrian-avere-2018.pdf\">2018\u00a0 \u00a0\u00a0<\/a><\/td>\n<td style=\"height: 75px; text-align: left;\"><a href=\"http:\/\/VAIDEENI\/wp-content\/uploads\/2017\/07\/DECLARATII\/interese vinereanu adrian.pdf\">2017<\/a>\u00a0\u00a0\u00a0\u00a0\u00a0\u00a0\u00a0<a href=\"https:\/\/primaria-vaideeni.ro\/VAIDEENI\/wp-content\/uploads\/2018\/10\/Vinereanu-Adrian-interese-2018.pdf\">2018<\/a><\/td>\n<\/tr>\n<tr style=\"height: 75px;\">\n<td style=\"height: 75px;\"><\/td>\n<td style=\"height: 75px;\">Glavan Constantin Ghiorghita<\/td>\n<td style=\"height: 75px;\"><img decoding=\"async\" src=\"http:\/\/www.primaria-vaideeni.ro\/vaideeni\/sites\/default\/files\/PSD.jpg\" alt=\"\" \/><a href=\"https:\/\/primaria-vaideeni.ro\/VAIDEENI\/wp-content\/uploads\/2018\/10\/Glavan-Constantin-Ghiorghita-avere-2018.pdf\">2018<\/a><\/td>\n<td style=\"height: 75px;\"><a href=\"https:\/\/primaria-vaideeni.ro\/VAIDEENI\/wp-content\/uploads\/2018\/10\/Glavan-Constantin-Ghiorghita-interese-2018.pdf\">2018<\/a><\/td>\n<\/tr>\n<tr style=\"height: 49px;\">\n<td style=\"height: 49px;\">7<\/td>\n<td style=\"height: 49px;\">Ciuca Ion Bogdan<\/td>\n<td style=\"height: 49px;\"><img decoding=\"async\" src=\"http:\/\/www.primaria-vaideeni.ro\/vaideeni\/sites\/default\/files\/PSD.jpg\" alt=\"\" \/><a href=\"https:\/\/primaria-vaideeni.ro\/VAIDEENI\/wp-content\/uploads\/2018\/10\/Ciuca-Ion-Bogdan-avere-2018.pdf\">2018<\/a><\/td>\n<td style=\"height: 49px;\"><a href=\"https:\/\/primaria-vaideeni.ro\/VAIDEENI\/wp-content\/uploads\/2018\/10\/Ciuca-Ion-Bogdan-interese-2018.pdf\">2018<\/a><\/td>\n<\/tr>\n<tr style=\"height: 75px;\">\n<td style=\"height: 75px;\">8<\/td>\n<td style=\"height: 75px;\">Jianu Dumitru<\/td>\n<td style=\"text-align: left; height: 75px;\"><a href=\"http:\/\/www.primaria-vaideeni.ro\/VAIDEENI\/wp-content\/uploads\/2017\/07\/DECLARATII\/avere jianu.pdf\">2017<\/a>\u00a0 \u00a0 <a href=\"https:\/\/primaria-vaideeni.ro\/VAIDEENI\/wp-content\/uploads\/2018\/10\/Jianu-Dumitru-avere-2018.pdf\">2018<\/a><\/td>\n<td style=\"height: 75px; text-align: left;\">\u00a0<a href=\"http:\/\/www.primaria-vaideeni.ro\/VAIDEENI\/wp-content\/uploads\/2017\/07\/DECLARATII\/interese jianu.pdf\">2017<\/a>\u00a0 \u00a0 \u00a0 \u00a0<a href=\"https:\/\/primaria-vaideeni.ro\/VAIDEENI\/wp-content\/uploads\/2018\/10\/Jianu-Dumitru-interese-2018.pdf\">2018<\/a><\/td>\n<\/tr>\n<tr style=\"height: 75px;\">\n<td style=\"height: 75px;\"><\/td>\n<td style=\"height: 75px;\">Comanescu Marius Valentin<\/td>\n<td style=\"height: 75px; text-align: left;\"><a href=\"http:\/\/www.primaria-vaideeni.ro\/VAIDEENI\/wp-content\/uploads\/2017\/07\/DECLARATII\/avere comanescu.pdf\">2017\u00a0<\/a> \u00a0 \u00a0 \u00a0 <a href=\"https:\/\/primaria-vaideeni.ro\/VAIDEENI\/wp-content\/uploads\/2018\/10\/Comanescu-Marius-Valentin-avere-2018.pdf\">2018<\/a><\/td>\n<td style=\"height: 75px; text-align: left;\"><a href=\"http:\/\/www.primaria-vaideeni.ro\/VAIDEENI\/wp-content\/uploads\/2017\/07\/DECLARATII\/interese comanescu marius.pdf\">2017<\/a>\u00a0 \u00a0 \u00a0 \u00a0<a href=\"https:\/\/primaria-vaideeni.ro\/VAIDEENI\/wp-content\/uploads\/2018\/10\/Comanescu-Marius-Valentin-interese-2018.pdf\">2018<\/a><\/td>\n<\/tr>\n<tr style=\"height: 75px;\">\n<td style=\"height: 75px;\">10<\/td>\n<td style=\"height: 75px;\">Candea Alexandru Madalin<\/td>\n<td style=\"height: 75px;\"><a href=\"https:\/\/primaria-vaideeni.ro\/VAIDEENI\/wp-content\/uploads\/2018\/10\/Candea-Alexandru-avere-2018.pdf\">2018<\/a><\/td>\n<td style=\"height: 75px;\"><a href=\"https:\/\/primaria-vaideeni.ro\/VAIDEENI\/wp-content\/uploads\/2018\/10\/Candea-Alexandru-interese-2018.pdf\">2018<\/a><\/td>\n<\/tr>\n<tr style=\"height: 49px;\">\n<td style=\"height: 49px;\">11<\/td>\n<td style=\"height: 49px;\">Siiulescu Marius Dan<\/td>\n<td style=\"height: 49px;\"><a href=\"https:\/\/primaria-vaideeni.ro\/VAIDEENI\/wp-content\/uploads\/2018\/10\/Siiulescu-Marius-Dan-avere-2018.pdf\">2018<\/a><\/td>\n<td style=\"height: 49px;\"><a href=\"https:\/\/primaria-vaideeni.ro\/VAIDEENI\/wp-content\/uploads\/2018\/10\/Siiulescu-Marius-Dan-interese-2018.pdf\">2018<\/a><\/td>\n<\/tr>\n<tr style=\"height: 75px;\">\n<td style=\"height: 75px;\">12<\/td>\n<td style=\"height: 75px;\">Anica Dumitru<\/td>\n<td style=\"height: 75px; text-align: left;\"><a href=\"https:\/\/primaria-vaideeni.ro\/VAIDEENI\/wp-content\/uploads\/2018\/10\/Anica-Dumitru-avere-2018.pdf\">2018<\/a><\/td>\n<td style=\"height: 75px; text-align: left;\"><a href=\"http:\/\/www.primaria-vaideeni.ro\/VAIDEENI\/wp-content\/uploads\/2017\/07\/DECLARATII\/interese anica.pdf\">2017<\/a>\u00a0 \u00a0 \u00a0 \u00a0 <a href=\"https:\/\/primaria-vaideeni.ro\/VAIDEENI\/wp-content\/uploads\/2018\/10\/Anica-Dumitru-interese-2018.pdf\">2018<\/a><\/td>\n<\/tr>\n<tr style=\"height: 75px;\">\n<td style=\"height: 75px;\">13<\/td>\n<td style=\"height: 75px;\">Ichim Vasile Cornel &#8211; viceprimar<\/td>\n<td style=\"height: 75px; text-align: left;\"><a href=\"http:\/\/www.primaria-vaideeni.ro\/VAIDEENI\/wp-content\/uploads\/2017\/07\/DECLARATII\/avere ichim.pdf\">2017<\/a>\u00a0 \u00a0 \u00a0 \u00a0 <a href=\"https:\/\/primaria-vaideeni.ro\/VAIDEENI\/wp-content\/uploads\/2018\/10\/Ichim-Vasile-Cornel-avere-2018.pdf\">2018<\/a><\/td>\n<td style=\"height: 75px; text-align: left;\"><a href=\"http:\/\/www.primaria.vaideeni.ro\/VAIDEENI\/wp-content\/uploads\/2017\/07\/DECLARATII\/interese ichim.pdf\">2017<\/a>\u00a0 \u00a0 \u00a0 \u00a0 \u00a0<a href=\"https:\/\/primaria-vaideeni.ro\/VAIDEENI\/wp-content\/uploads\/2018\/10\/Ichim-Vasile-Cornel-interese-2018.pdf\">2018<\/a><\/td>\n<\/tr>\n<\/tbody>\n<\/table>\n<p>&nbsp;<\/p>\n","protected":false},"excerpt":{"rendered":"<p>Nr. Crt. Nume si prenume DECLARATIE DE AVERE DECLARATIE DE INTERESE 1 B\u0103lu\u0163\u0103 Achim 2018 2018 2 Jianu Dumitru 2018 2018 3 Andreescu Maria Magdalena 2018 2018 4 Apostoloiu Radu Florin 2018 2018 5 Vinereanu Adrian \u00a02017\u00a0 \u00a0 2018\u00a0 \u00a0\u00a0 2017\u00a0\u00a0\u00a0\u00a0\u00a0\u00a0\u00a02018 Glavan Constantin Ghiorghita 2018 2018 7 Ciuca Ion Bogdan 2018 2018 8 Jianu Dumitru &hellip; <\/p>\n<p class=\"link-more\"><a href=\"https:\/\/primaria-vaideeni.ro\/VAIDEENI\/consiliu-local\/declaratii-de-avere\/\" class=\"more-link\">Continue reading<span class=\"screen-reader-text\"> &#8220;DECLARATII DE AVERE&#8221;<\/span><\/a><\/p>\n","protected":false},"author":1,"featured_media":0,"parent":22,"menu_order":0,"comment_status":"closed","ping_status":"closed","template":"","meta":{"footnotes":""},"class_list":["post-112","page","type-page","status-publish","hentry"],"_links":{"self":[{"href":"https:\/\/primaria-vaideeni.ro\/VAIDEENI\/wp-json\/wp\/v2\/pages\/112","targetHints":{"allow":["GET"]}}],"collection":[{"href":"https:\/\/primaria-vaideeni.ro\/VAIDEENI\/wp-json\/wp\/v2\/pages"}],"about":[{"href":"https:\/\/primaria-vaideeni.ro\/VAIDEENI\/wp-json\/wp\/v2\/types\/page"}],"author":[{"embeddable":true,"href":"https:\/\/primaria-vaideeni.ro\/VAIDEENI\/wp-json\/wp\/v2\/users\/1"}],"replies":[{"embeddable":true,"href":"https:\/\/primaria-vaideeni.ro\/VAIDEENI\/wp-json\/wp\/v2\/comments?post=112"}],"version-history":[{"count":20,"href":"https:\/\/primaria-vaideeni.ro\/VAIDEENI\/wp-json\/wp\/v2\/pages\/112\/revisions"}],"predecessor-version":[{"id":1072,"href":"https:\/\/primaria-vaideeni.ro\/VAIDEENI\/wp-json\/wp\/v2\/pages\/112\/revisions\/1072"}],"up":[{"embeddable":true,"href":"https:\/\/primaria-vaideeni.ro\/VAIDEENI\/wp-json\/wp\/v2\/pages\/22"}],"wp:attachment":[{"href":"https:\/\/primaria-vaideeni.ro\/VAIDEENI\/wp-json\/wp\/v2\/media?parent=112"}],"curies":[{"name":"wp","href":"https:\/\/api.w.org\/{rel}","templated":true}]}}