{"id":44,"date":"2017-06-27T07:53:33","date_gmt":"2017-06-27T07:53:33","guid":{"rendered":"https:\/\/primaria-vaideeni.ro\/VAIDEENI\/?page_id=44"},"modified":"2017-06-27T12:47:08","modified_gmt":"2017-06-27T12:47:08","slug":"istorie","status":"publish","type":"page","link":"https:\/\/primaria-vaideeni.ro\/VAIDEENI\/istorie\/","title":{"rendered":"ISTORIE"},"content":{"rendered":"<p>La miazazi de muntii Capatanii, in frumoasa depresiune a Horezului se afla satul Vaideeni, de o parte si de alta a raului Luncavat, in ale carui valuri curge cerul de culori ale caselor si gospodariilor mari, ale portului ciobanesc si taranesc.<br \/>\nAsemeni batranilor satului, undele raului, fantanile de pe dealurile din jur, fosnetul padurilor din preajma, pietrele &#8211; martorii tacuti ai locului sunt ecoul vremurilor si al luptatorilor de altadata si care parca sunt gata oricand sa depene viata acestor locuri si oameni, din inneguratele vremuri la lumina de azi.<br \/>\nPrima atestare documentara a satului Vaideeni dateaza din sec. al XVI-lea, din timpul lui Radu cel Mare si se refera la una din intamplarile cere aveau loc in mod frecvent in viata satelor \u2013 o \u201cjudecata\u201d pentru pamant. In acest conflict castig de cauza au avut locuitorii din Vai de Ei, despre care se consemneaza in Hrisovul lui Radu cel Mare, ca \u201cau fost stapani netulburati de nimeni din mosi stramosi pe aceste meleaguri.\u201d<br \/>\n<a class=\"colorbox colorbox-insert-image init-colorbox-processed cboxElement\" href=\"http:\/\/primaria-vaideeni.ro\/vaideeni\/sites\/default\/files\/membrii%20fondatori%20BC%20vaideeni%201_0.JPG\" rel=\"gallery-all\"><img loading=\"lazy\" decoding=\"async\" class=\"image-thumbnail\" src=\"http:\/\/www.primaria-vaideeni.ro\/vaideeni\/?q=sites\/default\/files\/styles\/thumbnail\/public\/membrii%20fondatori%20BC%20vaideeni%201_0.JPG&amp;itok=SDSihrb2\" alt=\"\" width=\"100\" height=\"75\" \/><\/a> Fara indoiala ca zestrea documentara a trecutului ar fi fost mai bogata, dar cu trecerea vremurilor si cu inaintarea prin viata a batranilor, multe zapise si hrisoave nu au mai ajuns la noi; unele s-au pierdut iar altele au fost macinate de dintele necrutator al timpului. Satul Vai de Ei a supravietuit pana in sec al XIX-lea, cand s-a marit prin venirea marginenilor sibieni, cand a primit si numele de Vaideeni.<br \/>\n<a class=\"colorbox colorbox-insert-image init-colorbox-processed cboxElement\" href=\"http:\/\/primaria-vaideeni.ro\/vaideeni\/sites\/default\/files\/grup%209_0.JPG\" rel=\"gallery-all\"><img loading=\"lazy\" decoding=\"async\" class=\"image-thumbnail\" src=\"http:\/\/www.primaria-vaideeni.ro\/vaideeni\/?q=sites\/default\/files\/styles\/thumbnail\/public\/grup%209_0.JPG&amp;itok=8bBS3mo6\" alt=\"\" width=\"93\" height=\"100\" \/><\/a><br \/>\nToponimic, denumirea de Vaideeni isi are originea dupa satul Vai de Ei sau satul Vaidei din comuna Romos, judetul Hunedoara, cand in urma navalirii hoardelor tatare din anii 1241 &#8211; 1243, satul Vaidei a fost distrus iar o perte din locuitori au trecut muntii si s-au asezat pe aceste meleaguri. Satul Vai de Ei a supravietuit pana la sfarsitul sec. al XVIII-lea, cand s-a marit prin venirea marginenilor si a primit numele de Vaideeni. In &#8220;Conferin\u0163a \u0163inut\u0103 la Casa \u015ecoalelor&#8221; (1912), Emmanuel de Martonne a sus\u0163inut de fapt un curs de geografie social\u0103 comparat\u0103. In urma peregrin\u0103rilor sale prin Carpa\u0163i, geograful francez a asociat &#8220;pendularea regulat\u0103&#8221; a turmelor de oi intre locurile de &#8220;v\u0103rat&#8221; \u015fi &#8220;iernat&#8221; cu procesul de transhuman\u0163\u0103 existent in Fran\u0163a, in Alpi, Pirinei \u015fi Cevennes. O alt\u0103 asem\u0103nare a fost surprins\u0103 intre procesul de num\u0103r\u0103toare la schel\u0103 a oilor \u015fi acele &#8220;lies et passeries&#8221; din Pirinei, situate pe ruta oilor spaniolilor ce se indreptau la iernat spre Fran\u0163a.<\/p>\n","protected":false},"excerpt":{"rendered":"<p>La miazazi de muntii Capatanii, in frumoasa depresiune a Horezului se afla satul Vaideeni, de o parte si de alta a raului Luncavat, in ale carui valuri curge cerul de culori ale caselor si gospodariilor mari, ale portului ciobanesc si taranesc. Asemeni batranilor satului, undele raului, fantanile de pe dealurile din jur, fosnetul padurilor din &hellip; <\/p>\n<p class=\"link-more\"><a href=\"https:\/\/primaria-vaideeni.ro\/VAIDEENI\/istorie\/\" class=\"more-link\">Continue reading<span class=\"screen-reader-text\"> &#8220;ISTORIE&#8221;<\/span><\/a><\/p>\n","protected":false},"author":1,"featured_media":0,"parent":0,"menu_order":0,"comment_status":"closed","ping_status":"closed","template":"","meta":{"footnotes":""},"class_list":["post-44","page","type-page","status-publish","hentry"],"_links":{"self":[{"href":"https:\/\/primaria-vaideeni.ro\/VAIDEENI\/wp-json\/wp\/v2\/pages\/44","targetHints":{"allow":["GET"]}}],"collection":[{"href":"https:\/\/primaria-vaideeni.ro\/VAIDEENI\/wp-json\/wp\/v2\/pages"}],"about":[{"href":"https:\/\/primaria-vaideeni.ro\/VAIDEENI\/wp-json\/wp\/v2\/types\/page"}],"author":[{"embeddable":true,"href":"https:\/\/primaria-vaideeni.ro\/VAIDEENI\/wp-json\/wp\/v2\/users\/1"}],"replies":[{"embeddable":true,"href":"https:\/\/primaria-vaideeni.ro\/VAIDEENI\/wp-json\/wp\/v2\/comments?post=44"}],"version-history":[{"count":2,"href":"https:\/\/primaria-vaideeni.ro\/VAIDEENI\/wp-json\/wp\/v2\/pages\/44\/revisions"}],"predecessor-version":[{"id":174,"href":"https:\/\/primaria-vaideeni.ro\/VAIDEENI\/wp-json\/wp\/v2\/pages\/44\/revisions\/174"}],"wp:attachment":[{"href":"https:\/\/primaria-vaideeni.ro\/VAIDEENI\/wp-json\/wp\/v2\/media?parent=44"}],"curies":[{"name":"wp","href":"https:\/\/api.w.org\/{rel}","templated":true}]}}

<p>La miazazi de muntii Capatanii, in frumoasa depresiune a Horezului se afla satul Vaideeni, de o parte si de alta a raului Luncavat, in ale carui valuri curge cerul de culori ale caselor si gospodariilor mari, ale portului ciobanesc si taranesc.<br />
Asemeni batranilor satului, undele raului, fantanile de pe dealurile din jur, fosnetul padurilor din preajma, pietrele &#8211; martorii tacuti ai locului sunt ecoul vremurilor si al luptatorilor de altadata si care parca sunt gata oricand sa depene viata acestor locuri si oameni, din inneguratele vremuri la lumina de azi.<br />
Prima atestare documentara a satului Vaideeni dateaza din sec. al XVI-lea, din timpul lui Radu cel Mare si se refera la una din intamplarile cere aveau loc in mod frecvent in viata satelor – o “judecata” pentru pamant. In acest conflict castig de cauza au avut locuitorii din Vai de Ei, despre care se consemneaza in Hrisovul lui Radu cel Mare, ca “au fost stapani netulburati de nimeni din mosi stramosi pe aceste meleaguri.”<br />
<a class="colorbox colorbox-insert-image init-colorbox-processed cboxElement" href="http://primaria-vaideeni.ro/vaideeni/sites/default/files/membrii%20fondatori%20BC%20vaideeni%201_0.JPG" rel="gallery-all"><img loading="lazy" decoding="async" class="image-thumbnail" src="http://www.primaria-vaideeni.ro/vaideeni/?q=sites/default/files/styles/thumbnail/public/membrii%20fondatori%20BC%20vaideeni%201_0.JPG&amp;itok=SDSihrb2" alt="" width="100" height="75" /></a> Fara indoiala ca zestrea documentara a trecutului ar fi fost mai bogata, dar cu trecerea vremurilor si cu inaintarea prin viata a batranilor, multe zapise si hrisoave nu au mai ajuns la noi; unele s-au pierdut iar altele au fost macinate de dintele necrutator al timpului. Satul Vai de Ei a supravietuit pana in sec al XIX-lea, cand s-a marit prin venirea marginenilor sibieni, cand a primit si numele de Vaideeni.<br />
<a class="colorbox colorbox-insert-image init-colorbox-processed cboxElement" href="http://primaria-vaideeni.ro/vaideeni/sites/default/files/grup%209_0.JPG" rel="gallery-all"><img loading="lazy" decoding="async" class="image-thumbnail" src="http://www.primaria-vaideeni.ro/vaideeni/?q=sites/default/files/styles/thumbnail/public/grup%209_0.JPG&amp;itok=8bBS3mo6" alt="" width="93" height="100" /></a><br />
Toponimic, denumirea de Vaideeni isi are originea dupa satul Vai de Ei sau satul Vaidei din comuna Romos, judetul Hunedoara, cand in urma navalirii hoardelor tatare din anii 1241 &#8211; 1243, satul Vaidei a fost distrus iar o perte din locuitori au trecut muntii si s-au asezat pe aceste meleaguri. Satul Vai de Ei a supravietuit pana la sfarsitul sec. al XVIII-lea, cand s-a marit prin venirea marginenilor si a primit numele de Vaideeni. In &#8220;Conferinţa ţinută la Casa Şcoalelor&#8221; (1912), Emmanuel de Martonne a susţinut de fapt un curs de geografie socială comparată. In urma peregrinărilor sale prin Carpaţi, geograful francez a asociat &#8220;pendularea regulată&#8221; a turmelor de oi intre locurile de &#8220;vărat&#8221; şi &#8220;iernat&#8221; cu procesul de transhumanţă existent in Franţa, in Alpi, Pirinei şi Cevennes. O altă asemănare a fost surprinsă intre procesul de numărătoare la schelă a oilor şi acele &#8220;lies et passeries&#8221; din Pirinei, situate pe ruta oilor spaniolilor ce se indreptau la iernat spre Franţa.</p>
